2*r - 0*s. What is the greatest common divisor of 2 and r?
2
Suppose -2*j + 76 = 5*m + 18, m + 5*j = 7. What is the highest common divisor of 96 and m?
12
Let x(t) = 10*t**2 - 4*t - 2. Let a be x(-2). Calculate the greatest common factor of a and 69.
23
Suppose 2*a - 106 = 3*n, 5*a - 19 = n + 233. Suppose 2*u = 3*z + 49, 3*u + 2*z - 36 = 18. What is the highest common factor of u and a?
10
Let f = 75 + -45. Suppose -2*g = -g - f. What is the greatest common factor of g and 15?
15
Suppose -12 = 3*p - 0*f - 4*f, 2*f - 6 = 3*p. Let u be 14 + 0 + (p - 0). What is the greatest common factor of u and 14?
14
Suppose 91 = 4*c - 133. Let p = -31 - -45. Calculate the greatest common divisor of p and c.
14
Let d = -3 - -11. Let k = -109 - -121. Calculate the greatest common divisor of d and k.
4
Suppose 5*n - 30 = -5*r, -5*r = -4*n - n. Suppose -a - n - 3 = 0. Let o be 39*1/a*-2. Calculate the highest common divisor of 91 and o.
13
Suppose 4*a + 2*r + 54 = -84, 0 = 4*a - 3*r + 133. Let d = 154 + a. Calculate the highest common factor of d and 12.
12
Suppose -5*a = -5*t - 9 - 6, -4*a = -2*t - 8. Let n = 5 - t. Let f be (0 - -1) + 0 - -20. Calculate the greatest common divisor of n and f.
7
Let v = 9 - 7. Let s = -6 + 9. Suppose 0 = 5*g - 4*i - 46, s*i = -v*g + 3*g - 18. What is the highest common divisor of 48 and g?
6
Suppose c = -d + 62, 3*d + 263 = 4*c + 4*d. Let b = -28 + c. What is the greatest common factor of b and 26?
13
Let i be 62/(-14) - (-6)/14. Let q be (-292)/(-18) + i/18. Calculate the greatest common factor of q and 144.
16
Suppose i + 0*i = 96. Let h = i - 44. Calculate the greatest common divisor of h and 13.
13
Let k = -18 - -3. Let c be (20/(-3))/(1/k). Calculate the greatest common factor of c and 20.
20
Suppose 0 = 2*l - l + f - 47, f = 3*l - 121. What is the highest common factor of l and 6?
6
Let v be 8/(-28) - 565/7. Let u = v + 145. What is the highest common factor of u and 160?
32
Suppose -170 = -12*n + 2*n. What is the highest common factor of 17 and n?
17
Let l be 986/18 + 6/27. Suppose 3*w = -w + 76. Let z = w - 8. What is the greatest common divisor of z and l?
11
Suppose 10 = -2*t + 4*t. Suppose 9 = -o - 4*b, o + 3*b = -0*b - t. Calculate the highest common divisor of 35 and o.
7
Let w(x) = x**3 - 10*x**2 + 5*x - 2. Let h be w(10). What is the greatest common divisor of h and 12?
12
Let p = 25 + -18. Let q be p + -7 + 87 + 1. What is the highest common divisor of q and 11?
11
Suppose 0 = 3*d - 4*d. Suppose -x - 2*x + 96 = d. What is the highest common divisor of x and 80?
16
Let c be 1*(0 + 0 - -23). Let s be ((-184)/(-32))/((-1)/(-20)). What is the greatest common factor of s and c?
23
Suppose 23*r - 19*r - 124 = 0. Calculate the highest common factor of 31 and r.
31
Let s = 232 + -106. What is the highest common divisor of 18 and s?
18
Let h = -9 - -4. Let y be (-100)/h + 0 + 0. Suppose 5*b = -2*c + 25, c + 5*b = -0*b + 20. Calculate the highest common factor of y and c.
5
Suppose 3*h = -5*c + 64, -2*h = -4*h + 4*c + 6. Calculate the highest common divisor of 52 and h.
13
Let f(m) = -5*m - 6. Let h be f(-5). Let r be (7/(63/(-114)))/(6/(-99)). What is the greatest common divisor of r and h?
19
Let g = 13 + -7. Let k(x) = 6*x**2 - 2*x - 2. Let u be k(2). Calculate the highest common factor of u and g.
6
Let j be (0 + -4 - 0) + 14. What is the greatest common factor of j and 2?
2
Suppose 5*y + 3*j + 117 = 2*y, -4*j = -2*y - 84. Let k be ((-32)/y)/((-2)/(-20)). Calculate the greatest common factor of k and 16.
8
Suppose 12*s - 28 = 10*s. What is the highest common divisor of 70 and s?
14
Let x(f) = 5*f**2 + 8*f - 4. Let l be -4*1*(-3)/(-2). Let r be x(l). Calculate the highest common factor of r and 16.
16
Suppose -3*j + 495 = 2*j. Suppose 2*f = -3*f. Let u = f - -11. Calculate the greatest common divisor of u and j.
11
Let k be -2*(1 - (-1 - -4)). What is the highest common factor of k and 10?
2
Let b(l) = l**2 + 2*l + 5. Let s be b(-5). Let q(c) = 5*c**2 + c + 2. Let a be q(-2). Calculate the greatest common divisor of s and a.
20
Let f be (114/(-4))/(1/(-2)). Suppose 4*r - f = 3. What is the greatest common divisor of 6 and r?
3
Let t = 5 + -1. Suppose 2*b = b + 3*o - 10, -t*o = 4*b - 24. Let p(x) = 4*x - 2. Let z be p(b). What is the greatest common factor of z and 4?
2
Let u be (1 + 0)/(-4*7/(-84)). Let x = -37 + 61. Calculate the highest common factor of x and u.
3
Let n(b) = b**2 + 6*b - 3. Let g be n(-7). Calculate the highest common divisor of g and 28.
4
Suppose -4*k + 147 = -5*d, 0*k - 3*k - 2*d + 93 = 0. Calculate the highest common factor of k and 3.
3
Let d be (-2 - -2)*(-4)/(-8). Let b be 6/((d - 2)/(-1)). Calculate the highest common factor of 12 and b.
3
Let s be ((-40)/2)/(0 + -1). Suppose 0*t = t - s. Calculate the greatest common factor of 50 and t.
10
Suppose u + 4*d = 54, -2*u = 2*d + 2*d - 124. What is the highest common factor of 10 and u?
10
Let x be 7/42*-3*-4. Let f(c) = c**2 - c - 2. Let s be f(-4). What is the greatest common divisor of s and x?
2
Suppose -w - 8 = -1. Let q = w - -379. Suppose 4*u + 3*t - 370 = 0, t + 3*t = -4*u + q. What is the greatest common factor of u and 13?
13
Suppose -u + 1 = -29. Suppose 0 = 4*s - 2*d - 186, 0*d - 42 = -s - d. Calculate the highest common factor of s and u.
15
Let y(m) = 2*m**2 - 10*m + 4. Let h be y(5). Calculate the highest common divisor of h and 14.
2
Let p(g) = -2*g**3 - 4*g**2 - 4*g - 4. Let b be p(-2). What is the greatest common divisor of 16 and b?
4
Let t be 6/8 + 54/24. Suppose 3*p - 6*p = 2*x - 152, 206 = t*x - p. Calculate the highest common factor of x and 28.
14
Suppose -2*n + 7 = -3. Suppose 2*r - 20 = 5*w, -n*w - 2*r + 5*r - 20 = 0. Let z = -3 - w. What is the greatest common divisor of z and 6?
1
Let q be 14/(-35) + (-27)/(-5). Let w(n) = -n**2 - 4*n - 6. Let o be w(q). Let l be o/(-6) + 2/4. Calculate the highest common factor of l and 6.
3
Suppose 206 = -0*n + 2*n. Let o be 0 + -1 - (1 + -4). Suppose 0 = 3*a + o*a - 3*x - 523, a + x - n = 0. Calculate the greatest common factor of 13 and a.
13
Suppose -7*o + 9*o + 26 = 0. Let u(n) = -n**3 - 13*n**2 - 8*n + 13. Let z be u(o). What is the greatest common divisor of 13 and z?
13
Let d(z) be the first derivative of z**2/2 - 2*z - 2. Let g be d(6). Suppose 0*h + 324 = g*h. Calculate the greatest common divisor of h and 9.
9
Suppose -181 = -18*x + 593. Calculate the highest common divisor of x and 86.
43
Suppose 8 = 2*j - 5*i + 21, 0 = -i + 3. Suppose q = 2 + j. Let s = -64 + 85. Calculate the greatest common factor of q and s.
3
Suppose 31 + 27 = 2*n. Suppose 0 = 2*i + 5*y - 605, -3*i - 6*y + 875 = -5*y. What is the highest common factor of i and n?
29
Let x be 44 - (6 + -7 + 3). Let w be 193/7 - 24/x. Calculate the highest common factor of w and 135.
27
Suppose 0 = -0*d - 3*d + 42. Calculate the highest common factor of 98 and d.
14
Let g = 11 - 6. Suppose 4*f + g*x = 27, 0*f = -3*f + 3*x + 27. Suppose -5*h + 364 = v, -h - 4*h = -v - 356. Calculate the highest common factor of f and h.
8
Suppose 12 = 4*z - 20. Calculate the highest common factor of z and 88.
8
Suppose t + 4*l = 51, -10 = -2*l - 0*l. Let m = -19 + t. Calculate the highest common factor of m and 18.
6
Suppose -118 + 8 = -2*t. Calculate the highest common factor of t and 22.
11
Let t be 45/20*8/3. Let g(u) = -8*u + 27*u + t*u - 1. Let f be g(1). Calculate the greatest common divisor of 16 and f.
8
Suppose 4 = -4*m - 20. Let u = 8 + m. Suppose 0 = -u*k + f + 13, -1 = k - 2*f - 3. What is the highest common divisor of k and 24?
8
Let b = 150 + -228. Let a = -42 - b. What is the highest common divisor of a and 4?
4
Let s = 160 + -151. Calculate the highest common divisor of 279 and s.
9
Suppose 0 = 2*a + 5*a - 42. Let q = 2 - 2. Suppose -f - x + 20 = -q*x, -5*f = -4*x - 82. What is the greatest common factor of a and f?
6
Let h = -5 - -10. Suppose 2*r = -4*z + 23 + 7, 5*r - 30 = h*z. Let d be (18/8)/((-1)/(-8)). Calculate the greatest common divisor of r and d.
9
Let q(h) = -h**2 - 4 - 2*h - 7*h - 2. Let a be q(-8). Suppose y - a*y + 51 = 2*k, 0 = -3*k + 4*y + 60. Calculate the highest common factor of 4 and k.
4
Suppose 5*d + 3*t = 65, -3*d + 35 = d - t. Calculate the greatest common divisor of d and 90.
10
Let j = 41 + 